alculate -67 - -62 - (60 + 1).
-66
-30 - (-60 - 34 - -89)
-25
What is the value of (39 - 150) + 100 - (1 + 0 - -44)?
-56
-6 + 30 - -4 - (-451 - -434)
45
Calculate (-32 - 26 - -56) + (28 + -1 - 2).
23
What is 97 - (224 + -15) - -66?
-46
What is (21 + 1 - (-4 + -30 - -46)) + 10?
20
Calculate 6 + -9 + (-6 - 8) - 72.
-89
What is (1143 + -1157 - (-1 + 13)) + 76?
50
-23 - (-16 + -12) - (1 + 40)
-36
What is 3 + 5 + -21 + 43 + -62 + (-15 - -24)?
-23
Evaluate 25 - -2 - (76 + (-92 - -11)).
32
What is -10 + -23 + (-268 - -222)?
-79
What is the value of 54 - (0 + 70) - -28?
12
(-10 - -1) + -21 + 39 + -12
-3
What is 67 + (-83 - (32 + -67))?
19
What is the value of -41 - (-44 - (4 + -25)) - 4?
-22
Evaluate (-24 + 33 - 7 - -3) + -19.
-14
What is the value of -4 - (3 - (-19 - -40 - 14))?
0
Calculate 6 - (82 - (67 - -4)).
-5
Evaluate 43 + -101 - -58 - 60.
-60
What is 152 + 45 + (-85 - 107)?
5
What is 139 - 120 - (1 + 24) - (24 - -1)?
-31
What is the value of (-28 - (-9 + 64)) + 19 + -8?
-72
Calculate -12 - (-33 - -29 - (4 + -6 + 5 + -4)).
-9
1459 + -1347 + (-57 - 1)
54
(-50 - -109) + -87 + 71
43
What is the value of -28 - (-943 + 954 + (1 - 1) + -13)?
-26
What is the value of -22 + -53 + 46 - -15?
-14
Calculate (29 - (55 - (-2 - -24))) + 11.
7
Evaluate 61 - (5 + -15 + 10 + (9 - 7) + -8).
67
0 - (-36 + (41 - 25))
20
What is the value of (-7 - 155) + -2 + 3 + 14 + -5?
-152
-95 + (-72 - -13) + 156
2
What is the value of -67 + 148 + -78 + 13?
16
What is the value of (-3 - -5) + 49 - (1699 - 1709)?
61
Calculate (-90 + -14 - -104) + -114.
-114
What is 1594 + -1338 - (11 - -118)?
127
What is -6 + -3 - (45 - 54) - 8 - 14?
-22
1 + (14 - (1 - 0)) + (-19 - (309 + -319))
5
Calculate -49 - -5 - -32 - -49.
37
Calculate -49 - (-46 + -88 + 213).
-128
1 - (8 - (-1 + (26 - 13) + 37))
42
-1 + -1 + 49 + (-402 - -399)
44
Calculate -26 + (9 - -26) - (26 - -4).
-21
Calculate 2 + -13 + (7 - -12) - 24.
-16
Calculate 18 - (189 + -182 + (9 - 1)).
3
What is -4 + (-54 - -19) - (-1 + 7 + -1)?
-44
What is the value of -5549 + 5621 + (-2 - -5 - (0 - -13))?
62
Evaluate -7 - 55 - (78 + -114) - -8.
-18
Calculate -44 - (24 + -53) - -76.
61
What is the value of 32 - (28 - (-45 + 89)) - (1 + 3 - 2)?
46
-10 + (-9 - (-36 - 88) - 11)
94
145 - 161 - (9 + -22)
-3
What is (-185 - -75) + 109 + (-1 - 1)?
-3
-2 + -52 + -1738 + 1718
-74
Evaluate -22 - 1 - (-83 + 190 + -84).
-46
Evaluate (-2 - 1) + (71 + -106 - -49).
11
Calculate 1 - (5 - (-2 + 6)) - (27 - 57).
30
What is 35 - (29 + 0 + 98 + -114 - -1)?
21
Calculate -19 + (14 - -23 - -43 - -20).
81
Evaluate 37 + (-44 - 2) + 52.
43
Evaluate -10 + -112 + 99 + (31 - 5).
3
(-5 - -134) + (-95 - 126)
-92
What is 195 + -77 - (222 - 28)?
-76
What is the value of -100 + 32 + 127 + -24?
35
52 - (25 - (-23 + 8))
12
What is the value of 90 - ((-27 - -25) + (-11 - -4) + 22)?
77
What is (-27 - 0) + 2 + -24 + 18?
-31
What is the value of (30 - (1 + (10 - 5))) + -24?
0
8 + (-6 - 25 - (-2 - 13))
-8
Calculate 3 + 1 + (-44 - -28) + (-2 + 10 - -80).
76
Evaluate (-8 - ((-11 - -42) + -20)) + -6.
-25
Calculate -16 + (40 + 5 - ((-5 - 5) + 8)).
31
What is the value of (169 - 125 - (-2 + 161)) + -2?
-117
Evaluate (-1 - 37) + 20 + 18 + -87 + 59.
-28
-20 - (0 + -22 + (-11 - 22))
35
Calculate -10 + 2 + 3 + (-17 - -5) + (-80 - -63).
-34
Evaluate -2 + -3 + 12 - 2 - (-37 + 102 + 10).
-70
Evaluate 0 + 0 - -4 - ((-29 - 12 - -18) + 14).
13
Evaluate 21 - ((30 - 38) + 4 + 4).
21
What is 2 + (-125 + 95 - (8 - 5))?
-31
What is 2 - 0 - (0 + 32 + 6 + 8)?
-44
Calculate 121 + -205 + 163 + 3 + 1.
83
(6 - -1) + -45 + 52 + 8 - 13
9
Evaluate -10 + 12 - (29 + 17).
-44
Calculate (1 - 20) + (-3864 - -3803).
-80
What is 27 - (11 - (-25 + 149 + -11))?
129
What is the value of 44 - (84 - (-19 - -111))?
52
12 + -1 + 14 + (-256 - -224)
-7
Evaluate (0 - (15 - 187)) + (130 - 177).
125
Calculate (5 - -8) + -72 - (1 - 2 - (11 + -3)).
-50
What is the value of -2 - 4 - (68 + -28 - 80)?
34
(3 - (12 - 6 - 12)) + (3 - 6 - 20)
-14
-44 + 53 - (1 + -15 - 9)
32
-34 - (-5 + 85 - 78)
-36
What is -42 + (20 - (-31 + 56) - (-17 - 0))?
-30
Evaluate 217 + -221 + (-1 - -2 - 2) + 15.
10
-5 - (-18 + -8) - (-7 - (-13 - -13) - -5)
23
What is the value of 2300 + -2213 + (1 - 13)?
75
What is the value of -7 + (-42 - -5) + 72?
28
What is -43 - (15 - 38) - (-13 - 2)?
-5
(-38 - (46 - 76)) + (-1 - -8)
-1
What is the value of -45 + 11 + 17 + -5?
-22
What is the value of 61 + -26 + (-12 - (-2 - 1 - (-8 - -10)))?
28
What is 0 + (-16 - (-63 + 10 + -7) - 11)?
33
What is -49 + 82 + (-44 - -49)?
38
(0 - 15) + -31 - -52
6
Evaluate -677 - -663 - (4 + -6 + -4).
-8
Calculate -992 + 983 + (3 - 64).
-70
Evaluate 12 + (-100 - 0) + (11 + -39 - -35).
-81
What is (-37 - (1 - 1)) + (53 + 209 - 273)?
-48
Calculate -28 + 15 + 130 + (-5 + 4 - (13 - 10)).
113
What is -149 + 140 + 10 + 39 + 0?
40
94 + (-41 - -31 - 34)
50
Evaluate -1 - (13 + (-13 - -29) + -26 - -6).
-10
What is -3 + -60 - (56 - 116 - -63)?
-66
Evaluate 2 + 12 - (-158 + 144) - 16 - 76.
-64
What is 8 - (-60 + 47) - 97?
-76
Evaluate (-8 - (-7 - (19 - 9))) + 2 + -14 + 28.
25
Calculate -11 - -26 - (-20 + (-7 + 5 - -6)).
31
Calculate -100 - (-89 - (-6 - 41)).
-58
What is -13 + (34 - 13) - (-2 - (-61 - 4))?
-55
What is the value of 50 - (-45 - 81) - 104?
72
Evaluate (4 - (8 + -5)) + (185 - 233).
-47
Calculate (1 - -3) + (87 - (6 - -67)).
18
What is the value of -38 + -26 + 31 + -4 + 2?
-35
((-3 - -2) + 2 - 2) + -16 + (2 - -5)
-10
What is 14 + (9 - -1) + (-167 - -192)?
49
What is 631 + -690 + -14 + 9?
-64
What is (82 - 12 - 2 - -13) + (125 - 125)?
81
Calculate 32 + -1 + 361 + -362 + (-2 - 2) - -13.
39
Calculate -33 + -17 - (-9 - (-7 + (-3 - -20) - 28)).
-59
-1 - 4 - (-126 + 8 + -19 - (-196 + 187))
123
(-9 + 53 - -6) + (367 - 379)
38
What is the value of 54 + 4 + (-2105 - -2019)?
-28
Evaluate (165 - (37 - -9)) + -58.
61
-18 + (5 - -140) + -61
66
Calculate -63 - 14 - (-10 + 10 + -11 - -23 - 25).
-64
What is the value of -63 + (37 - -29) + (3 - 4 - -3 - 79)?
-74
50 + 0 + -75 + -3 + -17
-45
What is the value of 73 - (-60 - (25 - 230))?
-72
What is the value of 22 + (45 - 44 - (-1 + 9)) + -18?
-3
What is 7 + (-39 - -18) + 42 - 19?
9
What is (-2480 - -2466) + (3 + -1 - 114 - 5)?
-131
Calculate -16 + 39 - (34 + 3).
-14
What is the value of -4 + -7 - (-142 - (16 - 14) - -27)?
106
5 - 31 - (-150 - -115)
9
Calculate (-61 - -42) + -6 + 10.
-15
What is the value of -5 + (-52 + 92 - 14)?
21
44 + 6 + -20 + 15 + (2 - 4)
43
10 - -1 - (22 + 29 + -30 + -23)
13
What is the value of -11 + (0 - 11 - -1 - (328 + -338))?
-11
-1 - (4 - (1 + 5) - (223 - 217))
7
29 - ((-24 - 0 - -5) + 116)
-68
Calculate 49 + -132 - 12 - (-5 - (-1 + 10)).
-81
Calculate 2 + -24 + 0 - ((-37 - (41 - 96)) + -21).
-19
Evaluate 12 - ((-5 - -1) + 11 + (-10 - -42) + -9).
-18
What is 4 + 23 + -30 + 26 + -12?
11
(96 - 4 - (1 + 7 + 2)) + 2 + -8
76
What is the value of 6 + -118 + 25 + 35?
-52
What is the value of -2 + (-15 - (-10 - (-1 - (17 - 6))))?
-19
What is the value of 2 + -14 + 2 + 3 + (-232 - -265)?
26
Calculate 53 - (125 + -76 + -84).
88
What is the value of 46 + (-91 - (-99 + 41))?
13
What is 0 + -10 + (1 + 16 - 11) + 8 + -76?
-72
What is (4556 - 4625) + 99 + -2?
28
What is the value of -5 - (47 + (-127 - -131 - (2 + -1 + -8)))?
-63
-8 + -22 + (-8 - -14 - 1) + 9
-16
-3 + 91 + -43 - (6 + 0 - 0)
39
(4911 - 4918) + (28 + -1 - (0 - 1 - -2))
19
What is -1 + 5 + (-15 - -43 - 11)?
21
1 + 1 - (-37 - -79 - 59)
19
What is the value of -1 - 105 - (-45259 + 45236)?
-83
What is 4 + (5 - (3 + 9 + -2 + -15))?
14
Evaluate (14 - (17 + (-1 - 9))) + (3 - 3) + -47.
-40
What is the value of -107 + 76 + 16 + (-2 - -2 - 18)?
-33
1 + 12 - (172 - 139 - -19)
-39
Calculate -32 + (23 - (42 + -9)) + (10 - 1 - 0).
-33
Calculate -47 + -1 - (-4291 + 4191).
52
What is (17 - 10) + (22 + (8 - 25) - (-1 - -28))?
-15
(-679 - -673) + (-2 + 3 + -2 - -6) + -133
-134
Evaluate -11 + (1 - -13 - (120 + -90) - -78).
51
(-145 - -119) + 67 + 2
43
Evaluate 19 - 7 - 10 - ((8 - -22 - -9) + 2).
-39
What is the value of -124 + (-70 - (127 + -255))?
-66
What is the value of -30 - (-39 + -27 - -2)?
34
Evaluate 0 + (-3 - -1) + 0 + (-2945 - -2957).
10
Evaluate (-25 + 2 - (53 + -62)) + (1 - 3 - -120).
104
Evaluate 3 - -54 - (707 - 659).
9
Calculate (-92 - -71) + 23 + -20 + -95.
-113
Calculate 0 - (-42 -